{"id":1856,"date":"2019-01-24T09:59:08","date_gmt":"2019-01-24T08:59:08","guid":{"rendered":"http:\/\/parafia-klemensow.pl\/?page_id=1856"},"modified":"2020-10-14T18:53:28","modified_gmt":"2020-10-14T16:53:28","slug":"powolania-z-terenu-parafii","status":"publish","type":"page","link":"https:\/\/parafia-klemensow.pl\/index.php\/powolania-z-terenu-parafii\/","title":{"rendered":"Powo\u0142ania z terenu parafii"},"content":{"rendered":"<h3><strong>Powo\u0142ania kap\u0142a\u0144skie i zakonne z terenu naszej parafii:<\/strong><br><!--StartFragment--><\/h3>\n\n\n<p>ks. Arkadiusz Jakubczak<\/p>\n\n\n\n<p>+ ks. Henryk \u017buk (diec. siedlecka)<\/p>\n\n\n\n<p>ks. Marian K\u0142us (archidiec. katowicka)<\/p>\n\n\n\n<p>ks. Marian Pasieka (archidiec. lubelska)<\/p>\n\n\n\n<p>+ ks. Micha\u0142 Popiel<\/p>\n\n\n\n<p>ks. Tomasz Traczykiewicz (diec. San Miniato \u2013 W\u0142ochy)<\/p>\n\n\n\n<p>+ o. Henryk Stempel OMI<\/p>\n\n\n\n<p>br. Kazimierz Wawryk MIC<\/p>\n\n\n\n<p>s. Ma\u0142gorzata Wawryk SJE<\/p>\n\n\n\n<p>s. Jadwiga Skwary\u0142o FMM<\/p>\n\n\n\n<p>s. Koleta Marzena Skwierczy\u0144ska OSC <\/p>\n\n\n<p><!--EndFragment--><\/p>","protected":false},"excerpt":{"rendered":"<p>Powo\u0142ania kap\u0142a\u0144skie i zakonne z terenu naszej parafii: ks. Arkadiusz Jakubczak + ks. Henryk \u017buk (diec. siedlecka) ks. Marian K\u0142us (archidiec. katowicka) [&hellip;]<\/p>\n","protected":false},"author":5,"featured_media":0,"parent":0,"menu_order":0,"comment_status":"closed","ping_status":"closed","template":"","meta":{"footnotes":""},"class_list":["post-1856","page","type-page","status-publish","hentry"],"wppr_data":{"cwp_meta_box_check":"No"},"_links":{"self":[{"href":"https:\/\/parafia-klemensow.pl\/index.php\/wp-json\/wp\/v2\/pages\/1856","targetHints":{"allow":["GET"]}}],"collection":[{"href":"https:\/\/parafia-klemensow.pl\/index.php\/wp-json\/wp\/v2\/pages"}],"about":[{"href":"https:\/\/parafia-klemensow.pl\/index.php\/wp-json\/wp\/v2\/types\/page"}],"author":[{"embeddable":true,"href":"https:\/\/parafia-klemensow.pl\/index.php\/wp-json\/wp\/v2\/users\/5"}],"replies":[{"embeddable":true,"href":"https:\/\/parafia-klemensow.pl\/index.php\/wp-json\/wp\/v2\/comments?post=1856"}],"version-history":[{"count":4,"href":"https:\/\/parafia-klemensow.pl\/index.php\/wp-json\/wp\/v2\/pages\/1856\/revisions"}],"predecessor-version":[{"id":2546,"href":"https:\/\/parafia-klemensow.pl\/index.php\/wp-json\/wp\/v2\/pages\/1856\/revisions\/2546"}],"wp:attachment":[{"href":"https:\/\/parafia-klemensow.pl\/index.php\/wp-json\/wp\/v2\/media?parent=1856"}],"curies":[{"name":"wp","href":"https:\/\/api.w.org\/{rel}","templated":true}]}}

Powołania z terenu parafii

<h3><strong>Powołania kapłańskie i zakonne z terenu naszej parafii:</strong><br><!--StartFragment--></h3>


<p>ks. Arkadiusz Jakubczak</p>



<p>+ ks. Henryk Żuk (diec. siedlecka)</p>



<p>ks. Marian Kłus (archidiec. katowicka)</p>



<p>ks. Marian Pasieka (archidiec. lubelska)</p>



<p>+ ks. Michał Popiel</p>



<p>ks. Tomasz Traczykiewicz (diec. San Miniato – Włochy)</p>



<p>+ o. Henryk Stempel OMI</p>



<p>br. Kazimierz Wawryk MIC</p>



<p>s. Małgorzata Wawryk SJE</p>



<p>s. Jadwiga Skwaryło FMM</p>



<p>s. Koleta Marzena Skwierczyńska OSC </p>


<p><!--EndFragment--></p>

<p>Powołania kapłańskie i zakonne z terenu naszej parafii: ks. Arkadiusz Jakubczak + ks. Henryk Żuk (diec. siedlecka) ks. Marian Kłus (archidiec. katowicka) [&hellip;]</p>
