{"id":1893,"date":"2019-01-24T12:10:42","date_gmt":"2019-01-24T11:10:42","guid":{"rendered":"http:\/\/parafia-klemensow.pl\/?page_id=1893"},"modified":"2019-01-24T12:10:42","modified_gmt":"2019-01-24T11:10:42","slug":"teren-parafii","status":"publish","type":"page","link":"https:\/\/parafia-klemensow.pl\/index.php\/teren-parafii\/","title":{"rendered":"Teren parafii"},"content":{"rendered":"\n<p><\/p>\n\n\n\n<p class=\"has-medium-font-size\">Do parafii nale\u017c\u0105 miejscowo\u015bci: <br>Bodacz\u00f3w <br>Deszkowice Drugie<br>Michal\u00f3w <br>Niedzieliska Kolonia <br>Szczebrzeszyn \u2013 Osiedle Klemens\u00f3w<\/p>\n","protected":false},"excerpt":{"rendered":"<p>Do parafii nale\u017c\u0105 miejscowo\u015bci: Bodacz\u00f3w Deszkowice DrugieMichal\u00f3w Niedzieliska Kolonia Szczebrzeszyn \u2013 Osiedle Klemens\u00f3w<\/p>\n","protected":false},"author":5,"featured_media":0,"parent":0,"menu_order":0,"comment_status":"closed","ping_status":"closed","template":"","meta":{"footnotes":""},"class_list":["post-1893","page","type-page","status-publish","hentry"],"wppr_data":{"cwp_meta_box_check":"No"},"_links":{"self":[{"href":"https:\/\/parafia-klemensow.pl\/index.php\/wp-json\/wp\/v2\/pages\/1893","targetHints":{"allow":["GET"]}}],"collection":[{"href":"https:\/\/parafia-klemensow.pl\/index.php\/wp-json\/wp\/v2\/pages"}],"about":[{"href":"https:\/\/parafia-klemensow.pl\/index.php\/wp-json\/wp\/v2\/types\/page"}],"author":[{"embeddable":true,"href":"https:\/\/parafia-klemensow.pl\/index.php\/wp-json\/wp\/v2\/users\/5"}],"replies":[{"embeddable":true,"href":"https:\/\/parafia-klemensow.pl\/index.php\/wp-json\/wp\/v2\/comments?post=1893"}],"version-history":[{"count":1,"href":"https:\/\/parafia-klemensow.pl\/index.php\/wp-json\/wp\/v2\/pages\/1893\/revisions"}],"predecessor-version":[{"id":1894,"href":"https:\/\/parafia-klemensow.pl\/index.php\/wp-json\/wp\/v2\/pages\/1893\/revisions\/1894"}],"wp:attachment":[{"href":"https:\/\/parafia-klemensow.pl\/index.php\/wp-json\/wp\/v2\/media?parent=1893"}],"curies":[{"name":"wp","href":"https:\/\/api.w.org\/{rel}","templated":true}]}}